 is divided by k?
3
Suppose 2*q - 5 = -3*q. What is the remainder when 3 is divided by q?
0
Let h = -40 - -8. Let t = 96 + h. What is the remainder when t is divided by 22?
20
Suppose 0*u - 2 = u, 3*s - 2*u = 91. What is the remainder when s is divided by 10?
9
Suppose -15*k + 11*k = -396. What is the remainder when k is divided by 17?
14
Let v(h) = 14*h**2 - 4. Calculate the remainder when v(-2) is divided by 11.
8
Let t(d) = -d**2 + 9*d - 13. What is the remainder when 48 is divided by t(5)?
6
Let j = 40 - 3. Suppose 0 = q + 1 - 3. Suppose 65 = q*m + 3*m. What is the remainder when j is divided by m?
11
Suppose -3*k - 36 = -7*k. Calculate the remainder when k is divided by 3.
0
Suppose -12*z = -11*z - 31. What is the remainder when z is divided by 8?
7
Let v(g) = 5*g**2 + 4*g - 42. What is the remainder when v(-7) is divided by 16?
15
Suppose 5*f - 161 = -2*x, x + 15 = -4*f + 91. Suppose -2*p + x = -20. Calculate the remainder when p is divided by 14.
12
Let v(a) = a**3 - 11*a**2 + 13*a - 19. Calculate the remainder when 118 is divided by v(10).
8
Let u = -106 + 111. Calculate the remainder when u is divided by 3.
2
Let f(a) = a**3 + 6*a**2 + 3*a - 3. What is the remainder when 3/((-5)/((-200)/6)) is divided by f(-5)?
6
Let r(b) = -2*b - 15. Let a be r(-10). Suppose -a*p + 0*p = -100. Calculate the remainder when 57 is divided by p.
17
Suppose d - 5*d = 0. Suppose d = -2*a + 6 - 0. What is the remainder when 7 is divided by 1*(-1 - -2)*a?
1
Let u = 37 + -31. Calculate the remainder when 19 is divided by u.
1
Suppose 0*f - 40 = -5*f. Calculate the remainder when 17 is divided by f.
1
Let s = -142 + 161. What is the remainder when 34 is divided by s?
15
Let w be 3*1/(-3)*-2. Suppose -2*s = -o - 33, 3*s = w*o - 4*o + 39. Calculate the remainder when s is divided by 8.
7
Let n(b) = 15*b - 6. Let s be n(-5). Let h = s + 125. What is the remainder when h is divided by 15?
14
Let b(s) = -s**2 - 12*s + 5. What is the remainder when b(-5) is divided by 14?
12
Let j be ((-66)/(-4))/((-2)/(-8)). Let x = 37 + -20. What is the remainder when (2 + 0)/(4/j) is divided by x?
16
Let f be (-4)/(-14) - 19/(-7). Let a be (f/(-2))/(9/(-12)). Suppose -o = -a*t + 16, 2*t + 6*o - 16 = 2*o. What is the remainder when t is divided by 5?
3
Suppose -j = -4*f, -2*f = -0*j - 4*j + 14. Calculate the remainder when 36/15 - 3/(-5) is divided by f.
0
Let z(d) = -d - 9. Let g be z(-17). Let o be (40 + -1)*(4 - 3). Let q = o - g. Calculate the remainder when q is divided by 11.
9
Let a = 3 + 9. What is the remainder when 95 is divided by a?
11
Suppose 4*h - 244 = 2*n, -2*h - 3*n = -88 - 34. What is the remainder when h is divided by 21?
19
Suppose j - 3*j = 5*o - 37, o = 5. Let k = 8 - j. Suppose 4 = -k*y + 36. Calculate the remainder when y is divided by 6.
4
Let j(v) = -3*v + 18. Calculate the remainder when 188 is divided by j(-10).
44
Suppose -3*d = 3*t - 87, -3*t + 112 = t + 3*d. Calculate the remainder when (12/(-7))/((-2)/84) is divided by t.
22
Let f(g) be the second derivative of -g**5/20 - 5*g**4/6 - 5*g**3/3 + 4*g**2 - g. Let u = -27 + 18. Calculate the remainder when f(u) is divided by 9.
8
Let s be (-9)/(-4)*36/(-9). Let n = s + 21. Calculate the remainder when 22 is divided by n.
10
Let o(z) = -z**3 - 5*z**2 + 3*z + 1. Suppose -2*r = -3*u - 31, 5*r - 4*r - 23 = 4*u. Calculate the remainder when o(-6) is divided by r.
8
Suppose -8 = -k - 5*r, 1 = r + 4. What is the remainder when 68 is divided by k?
22
Suppose -2 + 10 = 2*n. Suppose -5*q + 118 = 3*u - 0*q, -n*u = 2*q - 148. Calculate the remainder when u is divided by 19.
17
Let a be ((-10)/8)/(4/(-16)). Suppose -i = -2*p + 136, 3*p - 194 = -i + a*i. Let t = 16 - -8. What is the remainder when p is divided by t?
22
Let j be ((-2)/(-2))/(2/(-38)). Let m = 34 + j. Suppose 7*o = o + 48. What is the remainder when m is divided by o?
7
Suppose -u = -5*u + 4. What is the remainder when 12 is divided by (0 + u)/((-2)/(-14))?
5
Let g(p) = -p**2 + 3*p - 8. Let r be g(9). Let t = r - -111. Calculate the remainder when t is divided by 17.
15
Let z = 51 + -32. What is the remainder when z is divided by 4?
3
Let g = -15 + 25. Let r be 0 - (-1)/((-2)/24). Calculate the remainder when g is divided by 4/r - (-38)/6.
4
Let j = -99 - -205. What is the remainder when j is divided by 27?
25
Let y(n) = n**3 - 3*n + 3. Let j be y(-3). Let t = 18 + j. Calculate the remainder when 5 is divided by t.
2
Let t be (4/5)/(2/10). Suppose -3*b + 4*o + 99 = 0, b - t*b - o = -84. What is the remainder when b is divided by 8?
5
Suppose 5*w + 60 = 9*w. Calculate the remainder when 57 is divided by w.
12
Let n(q) = 4*q**2 - q + 2. Let x be n(2). Suppose g = -0*v - v + 20, 3*v = g - x. Calculate the remainder when g is divided by 10.
9
Suppose -5*m + 20 = 0, -212 = -4*q + m + 3*m. Calculate the remainder when q is divided by 20.
17
Let v be 2/(-12) - (-158)/12. Let x = -4 + v. Let o(y) = y**3 + 6*y**2 + 2*y + 2. Calculate the remainder when o(-4) is divided by x.
8
What is the remainder when 43*((-2)/(-6))/((-7)/(-42)) is divided by 30?
26
Let t(y) = -y**3 + 4*y**2 - 5*y + 3. Let v be t(3). What is the remainder when 22 is divided by (12/(-20))/(v/30)?
4
Suppose 16 = 5*g - 69. Let z = g + 10. Calculate the remainder when z is divided by (28/10)/((-2)/(-10)).
13
Let b(x) = 20*x**3 - x**2 + 3*x - 2. What is the remainder when 137 is divided by b(1)?
17
Suppose -2*z + 43 = -z - 3*h, 5*h + 186 = 4*z. What is the remainder when z is divided by 26?
23
Calculate the remainder when (-45)/30*18/(-1) is divided by 14.
13
Suppose -q + 4*m = 7*m - 30, 5*q - 131 = 4*m. Calculate the remainder when 105 is divided by q.
24
Let v(u) = -u**2 - 17*u - 41. What is the remainder when 90 is divided by v(-9)?
28
Let u(h) = -2*h**2 - 3. Let y be u(-3). Let b = y + 32. Let l = 8 + -4. Calculate the remainder when b is divided by l.
3
Let t(o) = -o**3 - 2*o**2 + 5*o + 4. Let k be -5*-3*(-4)/15. Let q be t(k). Suppose 0 = -0*h - 2*h + q. What is the remainder when 13 is divided by h?
5
Suppose 7*f = 11*f - 56. What is the remainder when 110 is divided by f?
12
Suppose -m + 7 + 7 = 0. What is the remainder when 52 is divided by m?
10
Let g be ((-16)/(-5))/(4/30). Let y = g + -6. Calculate the remainder when 35 is divided by y.
17
Calculate the remainder when (132/(-15))/(2/(-60)*3) is divided by 18.
16
Suppose 3*a = 4*u - 1, 2*u - 2*a - a + 7 = 0. Let v(h) = -h + 11. What is the remainder when v(0) is divided by u?
3
Let a(s) = s**2 + 7*s + 3. Let u be a(-7). Calculate the remainder when (-122)/(-4) - u/(-6) is divided by 11.
9
Let k = -14 - -25. Calculate the remainder when 19 is divided by k.
8
Calculate the remainder when (1 - 4)/((-8)/(-11) + -1) is divided by 6.
5
What is the remainder when 4/(16/30)*140/10 is divided by 16?
9
Calculate the remainder when (-1*(65 - -2))/(-1) is divided by 23.
21
Let s = -35 + 30. Suppose -5*x + 70 = -0*x + 5*g, g = -4*x + 53. What is the remainder when (-16)/s*(-165)/(-22) is divided by x?
11
Let s(y) = -y + 13. What is the remainder when (-815)/(-35) - (-2)/(-7) is divided by s(7)?
5
Let n(t) = -3*t + 7. What is the remainder when n(-10) is divided by 21?
16
Let c(v) = -v**2 - 9*v + 3. Let y be c(-9). Let z = y - -8. Let g = 76 - 44. Calculate the remainder when g is divided by z.
10
Suppose 0 = x + 3*d - 29, -3*x + 4*d + 120 - 33 = 0. What is the remainder when 229 is divided by x?
26
Let g(d) = d**2 + 5*d + 3. Let b be g(-5). Suppose 13 = b*i + 4. What is the remainder when 9 is divided by i?
0
Suppose 3*s + 0*s = 2*b + 55, -5*s - 3*b = -60. Calculate the remainder when 29 is divided by s.
14
Let p = 33 - 16. Suppose -4*x = -f + 30, -4*f + x = -3*x - 108. Let v = f - p. Calculate the remainder when 26 is divided by v.
8
Suppose u = 4*u - 294. What is the remainder when u is divided by 25?
23
Suppose 6 + 3 = j - 3*y, -j + 4*y + 7 = 0. What is the remainder when 67 is divided by j?
7
Let v(h) = h**3 + 5*h**2 - 3*h - 6. Let k(u) = -3*u. Let y be k(-8). Suppose -d + y = d. Calculate the remainder when v(-4) is divided by d.
10
Suppose -5*k = 5*z + 15, 2*k - 4*z - 12 = k. Suppose 3*m + 107 = -3*g + 275, -3*g = k. Calculate the remainder when m is divided by 15.
11
Suppose 0 = -4*k - h + 83, -2*k + 3*h = 6*h - 49. Suppose 2*y - 8 - 14 =